. Calculate the highest common factor of v and p.
1
Suppose 0 = -5*a - 4*o + 18, 5*o = -4*a + 27 - 9. Suppose 4*q = -m + 87, a*q - 72 = -q - 3*m. What is the greatest common divisor of 7 and q?
7
Let u = -180 + 299. What is the highest common factor of 51 and u?
17
Suppose -12*q + 24 = -10*q. Let u be ((-33)/9)/(2/q*-1). What is the greatest common divisor of u and 110?
22
Suppose -5404 = -x - o, -x + 2332 + 3056 = 5*o. Let i be 1*(-2)/10 + x/40. Calculate the greatest common factor of i and 27.
27
Let i(j) = j**2 - 6*j - 4. Let k be i(8). Suppose 118 - 6 = 14*h. Calculate the highest common factor of k and h.
4
Let b(f) = 38*f + 465. Let l be b(-10). Let q = -9 - -14. What is the highest common factor of q and l?
5
Suppose 3*v = 5*b + 275, -14*b + 19*b - 200 = -2*v. Let l be (20/(-8))/(1/(-2)). Calculate the highest common factor of l and v.
5
Let f = 32 + -22. Let m be 2/f - (-48)/(-15). Let p be -30*(m + 21/9). What is the greatest common factor of p and 10?
10
Suppose 0 = 28*d - 0*d - 12768. Calculate the highest common factor of 19 and d.
19
Let r be (20/12)/(3/45). Let u = 27 - r. Suppose -j + u*f + 180 = 0, 3*j + 2*j - 900 = -4*f. Calculate the highest common factor of 72 and j.
36
Suppose 6*p + 2*p - 1344 = 0. What is the highest common divisor of 12 and p?
12
Let l(c) = 5*c + 22. Let r be l(2). Suppose -3*i - 2*h = -4*i - 2, 0 = i + h - 7. Calculate the greatest common factor of i and r.
4
Let b(q) = -12*q - 71. Let z be b(-6). Let g(k) = -3*k - 3. Let m be g(-4). What is the greatest common factor of m and z?
1
Let v = -3 - 6. Let j(m) = m**2 + 5*m + 9. Let h be j(v). Suppose 3*b = -3*a + h, 0 = -b - 2 + 1. What is the greatest common divisor of 4 and a?
4
Let d = -58 + -132. Suppose 0 = -4*y + 4, 4*x - 2*y - 642 = 2*x. Let s = d + x. What is the greatest common factor of s and 12?
12
Let b(s) = s**2 + 44*s + 331. Let o be b(-9). Calculate the greatest common factor of 4 and o.
4
Let m(a) = -a**3 + 15*a**2 - 13*a + 6. Let b be m(14). What is the highest common divisor of b and 180?
20
Suppose 3*q = -5*k + 250, 3*k + 2*q - 151 = -0*q. What is the highest common factor of k and 1?
1
Suppose -f = 3*f - 4*d - 52, 5*d = 4*f - 47. Let v be (f - -6)*2/4. Calculate the greatest common divisor of v and 36.
12
Suppose 2*x - 44 = -2*r, 7*r - 5*r + 76 = 3*x. Suppose 0 = -5*s - 4*u + 100, 77 = s + 2*s - u. Calculate the greatest common factor of x and s.
24
Let d be (-706)/(-10) - (-10)/25. Calculate the highest common factor of d and 71.
71
Suppose -2*w = -15 + 3. Let v(d) = -2*d + 17. Let p be v(w). Calculate the highest common factor of p and 65.
5
Let p(o) = -o**3 + 4*o**2 + 4*o - 11. Let x be p(4). Calculate the greatest common factor of 155 and x.
5
Suppose -2 = -4*p - u, -4*p + 21 - 9 = -4*u. Let i(l) = 14*l + 4 - 5 - p. Let n be i(1). Calculate the highest common divisor of n and 30.
6
Let d = 807 - 759. Calculate the greatest common divisor of 176 and d.
16
Suppose -227 = -3*w + 5*a, 2*w + 2*a + 0*a - 178 = 0. Let h = -174 + 198. What is the greatest common factor of w and h?
12
Let o = -428 + 937. Suppose o = 4*x - 107. Suppose 0*b = -b + 2*l + 46, -3*b - 2*l = -x. Calculate the greatest common divisor of b and 75.
25
Let a = -167 + 172. What is the highest common factor of 2085 and a?
5
Let s = 29 + 106. Suppose 285 = -20*h + 17*h. Let c = h + s. Calculate the greatest common factor of 5 and c.
5
Let s(p) = -2*p**2 - 3*p - 4. Let c be s(-3). Let k be ((-1)/2)/(c/312). Calculate the highest common divisor of k and 24.
12
Let v = 131 + -119. Calculate the highest common factor of v and 84.
12
Suppose 16 + 54 = 5*j. Let v(n) = 5*n**2 + 7*n + 4. Let q be v(-4). Calculate the highest common factor of q and j.
14
Let t(v) be the first derivative of v**4/2 - v**3 + v**2/2 + v - 3. Suppose -4*c - 2 = -5*c. Let d be t(c). Calculate the highest common factor of d and 28.
7
Let r be 1*(3 + -8 + 28). Let b be 414*(-3 + (-28)/(-8)). What is the highest common divisor of r and b?
23
Let l(o) = -3*o - 8. Let y be l(-6). Let h = -6078 + 6168. What is the greatest common factor of y and h?
10
Let x = 12 + 4. Let t be ((-154)/(-2))/(-15 + x). Calculate the greatest common divisor of 11 and t.
11
Let p(z) = -53*z. Let y be p(-1). What is the greatest common divisor of 2597 and y?
53
Let k(w) = 305*w**3 + 2*w**2 - w - 1. Let n be k(1). What is the greatest common factor of 61 and n?
61
Let u(i) = i**3 + 5*i**2 - 2*i - 8. Let a be u(-5). Suppose 2*l + 3*l = a*s + 1098, 0 = -l + 3*s + 217. Calculate the greatest common divisor of 44 and l.
44
Suppose -106*j + 104*j = -168. Calculate the highest common divisor of 532 and j.
28
Let f be 9/((-135)/50)*(0 - 3). Suppose f = 6*n - 5*n. What is the highest common factor of 4 and n?
2
Let m be -27 + 28 - (-4*1)/1. Suppose 134 = 3*q + 3*s - 7*s, s + m = 0. What is the greatest common factor of q and 19?
19
Suppose -250 = -3*t - 88. What is the greatest common divisor of t and 702?
54
Let i(r) = r**2 - r - 5. Let y be i(-4). Suppose -2*t + y = -t. Calculate the greatest common factor of t and 105.
15
Let u = 89 + -163. Let c = -42 - u. Calculate the highest common divisor of c and 24.
8
Let q = -1495 - -2153. Calculate the highest common divisor of q and 14.
14
Let a(c) = 30*c**2 + c - 2. Let p be a(1). Let s be (9/15)/((-1)/(-5)). Let h be (-6)/s + (174 - -2). What is the highest common factor of p and h?
29
Let k be (8 - (5 - -1))*(-5)/2. Let s(m) = -m. Let t be s(k). Calculate the highest common factor of 5 and t.
5
Let t(w) = -5*w - 8. Suppose 6*q - 3*f = q - 15, 4*f = 3*q + 9. Let o be t(q). Calculate the highest common divisor of 28 and o.
7
Suppose -3859 = -20*d - 1219. What is the greatest common factor of 308 and d?
44
Let n = -445 + 541. Suppose 0 = -3*y + 7 + 29. Calculate the highest common divisor of n and y.
12
Suppose p = 10*f + 90, -18*p = -21*p - 5*f + 235. What is the greatest common divisor of p and 25?
5
Let r be ((-6)/4)/((-3)/18). Let a = -11 + r. Let n be (a - -22)/(-2 + 3). Calculate the highest common factor of 30 and n.
10
Suppose -9*x + 18*x - 198 = 0. What is the highest common factor of 649 and x?
11
Suppose -40 = r - 6*r. Suppose -2*q - r = 4*s + q, 0 = 5*q. Let k(y) = 2*y**2 + 3*y + 4. Let c be k(s). What is the greatest common divisor of 9 and c?
3
Suppose 38 = 2*z + 16. Let q(j) = j**3 - 8*j**2 + j + 3. Let d be q(8). What is the greatest common factor of z and d?
11
Let y be -3 + -2*(-3)/2. Suppose -2*f = -y*f - 2. Let q be 0 + 2 - -9*f. What is the greatest common factor of q and 99?
11
Let k = 36 - 39. Let n be 2/(-9)*-15*(k + 39). Calculate the greatest common factor of 48 and n.
24
Let a = 7 - 19. Let x be (-4)/a + (-17)/(-3). Suppose -3*q + n + 52 = -7, -3*n + 21 = 2*q. Calculate the highest common divisor of q and x.
6
Let g(c) = -c**2 - 41*c - 65. Let w be g(-31). What is the highest common factor of 140 and w?
35
Suppose 0 = 389*f - 396*f + 119. What is the highest common divisor of 289 and f?
17
Let t(s) = -3*s + 27. Let q be t(5). Suppose 56 = -a + 3*a - 4*y, 100 = 3*a - 2*y. Calculate the greatest common factor of a and q.
12
Suppose 4*c - 2637 = 3*d, 0 = 2*c - 0*d + d - 1331. Suppose 2*h + 2*r = 604, -c = -3*h - 2*r + 238. What is the highest common factor of 27 and h?
27
Let v(m) = -m + 4. Let p be v(-4). Suppose -5*q + 100 = -5*o, -3*o + 73 = 3*q - 11. What is the greatest common divisor of q and p?
8
Let d be (-526)/(-6) + (-4)/6. Let s(p) = 31*p - 2. Suppose 7*n + 4 = 11. Let l be s(n). Calculate the greatest common divisor of l and d.
29
Let x(i) = -i**3 - 4*i**2 + 5*i + 7. Let n be ((-5 + 0)/1)/1. Let w be x(n). Let y = 170 + -135. What is the greatest common factor of w and y?
7
Suppose 4*o + 3 - 4 = 3*m, 5*o = 5*m - 5. Calculate the highest common divisor of m and 5.
5
Let z = -5 + 1. Let i = 6 + z. Let l(x) = 2*x**3 + 8*x - 16. Let f be l(2). What is the highest common factor of f and i?
2
Let q(m) = 11*m - 31*m**2 + 1 - 6 + 30*m**2. Let f be q(5). Calculate the greatest common divisor of 25 and f.
25
Let f = 0 + 3. Let x(i) = 2*i**2 + i - 10. Let v be x(f). Let p(w) = -w**3 + 12*w**2 - 12*w + 15. Let m be p(v). What is the highest common factor of m and 4?
4
Let j be (10/(-3))/(1/(-6)). Calculate the greatest common factor of 88 and j.
4
Suppose 4*i - 106 =